*p + 12. What is the units digit of -5*(7/(-5) - q)?
2
Let m(b) = -2*b - 8. Let y be m(-6). Suppose -5 = -y*k + 11. What is the units digit of k?
4
Suppose -8 = 3*j - 50. What is the tens digit of j?
1
Let r(z) = 2*z**2 + 2*z + 2. Let p be r(-2). Let x be ((-4)/3)/((-1)/p). Let l = 11 - x. What is the units digit of l?
3
Suppose 0 = -2*d + 3*z + 242, -583 = -3*d - 2*d + 2*z. What is the hundreds digit of d?
1
Let v(z) = 3*z**2 + z + 1. Let t = 5 + -7. What is the units digit of v(t)?
1
Suppose c - 10 = -o, 4*c = -c + 2*o + 57. What is the units digit of c?
1
Suppose 0*i - 42 = -2*i. Let u = i + -6. What is the tens digit of u?
1
Suppose 5*p + r - 420 = 0, -5*p + 419 + 1 = 5*r. What is the units digit of p?
4
Suppose n = w + 3*n + 5, -7 = -4*w + n. Suppose -3*u + 5 + 1 = 0. Suppose u*y = w + 1. What is the units digit of y?
1
Suppose -23*u + 4789 = -915. What is the hundreds digit of u?
2
Let u(o) = -2*o - 10. Let z be u(-7). Suppose 0 = z*a + 3*m - 138, 0 = 4*a - a + m - 101. Suppose l = 4*l - a. What is the units digit of l?
1
Suppose -2*n + 0*n = 12. Let l(z) = -8*z - 5*z**2 + 0*z + 4*z**2. What is the units digit of l(n)?
2
Let z = -2 + 5. Suppose -5*m + 5*v = -55, z*v - 27 = 4*m - 73. What is the units digit of m?
3
Let t be (36/(-15))/((-1)/5). Let f = 11 - 6. Suppose -f*i + 18 = -t. What is the units digit of i?
6
Suppose 4*p = y + 1380, -4*y + 79 = -p + 409. What is the hundreds digit of p?
3
Let s = 13 - 26. Let m = -9 - s. Suppose -4*k - 10 = -3*t + 27, m*t + 5*k - 101 = 0. What is the tens digit of t?
1
Suppose -3*o + 4*o = 434. What is the units digit of o?
4
Let m be 3 - 3*(-1)/(-3). Suppose -m = 4*p + 10. Let z(s) = -s**2 - 3*s + 1. What is the units digit of z(p)?
1
Let n = -13 - -22. Suppose -2*a = a + n. What is the units digit of 2 - (1 - (-2 - a))?
2
Let k(y) = 5*y + 8. What is the hundreds digit of k(21)?
1
Let n(v) = v - 4. Let w be n(10). Suppose -25 = -i - 0. Suppose 0 = -y - y - w, -c + 3*y = -i. What is the tens digit of c?
1
Suppose n = 3*n + 16. Let g = n + 5. Let l = 5 + g. What is the units digit of l?
2
Let d(a) = 9*a**3 + a**2 - a - 1. Let y be d(-1). Let f = y + 14. What is the units digit of f?
6
Let c be 20/(-15)*(-2 - 4). Suppose -c*u - 51 = -9*u. What is the tens digit of u?
5
Let h(b) = b**3 + b**2 + 2. Let m be h(0). Suppose d - 2*o = -d + 12, -o + 27 = m*d. What is the tens digit of d?
1
Let n(g) = 18*g - 10. What is the units digit of n(3)?
4
Suppose -345 = -2*d - 0*d + 3*b, 0 = 3*d + b - 490. What is the units digit of d?
5
Let c = -30 - 0. Let y = c + 20. Let k = 18 + y. What is the units digit of k?
8
Let n(v) = 10*v - 54. What is the units digit of n(12)?
6
Let l(t) = t + 26. What is the tens digit of l(0)?
2
Let p = 0 + -14. Let c be 16/7 + 4/p. Suppose 5*j - 27 = 3*t + 23, -c*j + t + 19 = 0. What is the units digit of j?
7
Let k(v) be the third derivative of v**6/120 - v**5/60 - v**4/24 + v**3/3 + v**2. Let n be k(0). What is the units digit of (-7)/(-1) + (1 - n)?
6
Let s = 41 - 23. Let i = s - 11. What is the units digit of i?
7
Let d(n) = -n + 5. Let x be d(-10). Let l = x - 7. What is the units digit of l - 5 - 0/2?
3
Let i(d) = 7*d - 2*d + d**2 + 11 + 4*d. Let c be i(-8). Suppose -4*w + 9 = -c*w. What is the units digit of w?
9
Let d(u) = -u**2 - 11*u + 2. Let n be d(-5). Let f = n - 23. Let b(g) = -g**2 + 9*g + 4. What is the units digit of b(f)?
4
Let t = 192 - -15. What is the tens digit of t?
0
Let c(p) = p**3 - 5*p**2 - 4*p - 8. What is the units digit of c(9)?
0
Let a = 9 - 5. Suppose -5*m - 5*r - 10 = 0, -3*r - 24 = m - a*m. Suppose 5*x = 2*q - 2, 0 = q - x + m - 10. What is the tens digit of q?
1
Suppose -9*h - 195 = -12*h. What is the tens digit of h?
6
Suppose -20*w - 309 = -23*w. What is the units digit of w?
3
Let f = 0 - -1. Let b be (6/(-9))/f*-3. Let o = 6 - b. What is the units digit of o?
4
Let z(l) be the second derivative of -4*l + 1/3*l**3 + 1/12*l**4 - 1/2*l**2 + 0. What is the units digit of z(3)?
4
Suppose 0*u + 87 = u. What is the tens digit of u?
8
Let c(b) = b - 1. Let z be c(6). Let h(a) = 3 - 5*a - a**2 - z + 3 + a. What is the units digit of h(-4)?
1
Suppose -4*c - 32 = -4*j, 0 = j - 0*j + 2*c + 1. Suppose q = j + 3. Suppose -3*y = -g - 2, -y = -3*y + q. What is the units digit of g?
0
Suppose 15*d = 13*d + 46. What is the units digit of d?
3
Suppose -5*x - 4*l = -74, -5*l - 4 + 37 = 2*x. Let q = x - 5. Suppose 0 = 2*m + q - 25. What is the units digit of m?
8
Suppose -5*q + 2*q + 2*v = 15, q = 2*v - 9. Let b = q + 6. What is the units digit of b?
3
Let u = 0 + 6. Suppose 3*w = -0*w + u. Suppose -4*c + 2*g = -48, w*g = 6*g. What is the tens digit of c?
1
Let z = 76 + -5. Suppose -z = -2*a - 17. What is the units digit of a?
7
Suppose -2*o = -9*o + 609. What is the tens digit of o?
8
Let r = -4 + 5. Suppose -6 + r = -5*z. What is the units digit of z?
1
Let b = -178 + 383. What is the tens digit of b?
0
What is the units digit of 39*(-4)/6*-2?
2
Let f(n) = -n**3 - 1. Let d be f(-1). Suppose -y = 5, 2*j - y + 0*y - 69 = d. What is the tens digit of j?
3
Let t(w) = -5*w**2 - 3*w - 1. Let f be t(-2). Let v = -7 - f. What is the units digit of v?
8
Let a be -1*3*99/(-9). Let g = 63 - a. What is the units digit of g?
0
Let s = 29 - 20. What is the units digit of s?
9
Let u(h) = h**2 - 3*h - 6. What is the units digit of u(13)?
4
Suppose 5*v + 2*s - 186 = 241, -2*s = 2*v - 166. What is the units digit of v?
7
Suppose -3*f + 4*n = -f - 8, -6 = -2*f + 3*n. Suppose -l + 2 - 1 = f. What is the units digit of l?
1
What is the units digit of (-16)/12*-42 - -2?
8
Let z = 0 - 0. Suppose -p + 5 = -0*p, z = -t - 4*p + 17. Let y(g) = -g**2 - 6*g. What is the units digit of y(t)?
9
Let v(m) = 49*m. What is the units digit of v(1)?
9
Suppose z + 2 - 14 = 0. What is the units digit of z?
2
Let a(i) = i**2 + 6*i + 1. Let j be a(-9). Suppose -j = -2*w - z + 8, 5*w = 3*z + 90. What is the tens digit of w?
1
Suppose 0 = -4*m - 155 + 7. Let p = m + 57. What is the units digit of p?
0
Suppose -x + 1 = 2. Let q = x - -3. What is the units digit of q?
2
Suppose -5 = -5*x, l + 2 = 2*x + 2*x. Suppose -5*n + 62 = l. What is the units digit of n?
2
Let g(r) = 2*r**3 - 3*r**2 - r + 2. Let n be g(2). Let z(t) = -1 - 4 + t - n*t. What is the units digit of z(-4)?
7
Suppose -2*s - 3*h + 6 = -33, 4*h = -20. What is the units digit of s?
7
Let r(w) = -w**2 - 24*w + 48. Let n be r(-26). Let l = 2 + -1. What is the tens digit of 9 - ((2 - l) + n)?
1
Let j(o) = o**2 - 11*o + 6. Let n be j(11). Suppose -n*d = -2*d - 28. What is the units digit of d?
7
Suppose 3*x = 2*x + 46. What is the tens digit of x?
4
Let g = -3 - -28. Let b = g + -11. What is the units digit of b?
4
Suppose 0 = 4*t - q - 159, -4*t = 4*q - 3*q - 161. What is the tens digit of t?
4
Suppose -h + 553 = 4*k - 0*h, -139 = -k - h. What is the tens digit of k?
3
Let l(o) = -o**3 - 2*o**2 + 4*o - 3. Let x be l(2). Let q = -18 - -39. Let f = q + x. What is the tens digit of f?
1
Let l be -2 + -3 + 14 + -2. What is the tens digit of l - (0 + -2 + -1)?
1
Let z be (3/(-3) + -2)/(-1). Suppose z*h - 2*h = 6. What is the units digit of h?
6
Suppose a + 3*a = 648. What is the hundreds digit of a?
1
Let n(w) = 23*w - 29. What is the units digit of n(7)?
2
Let r = -10 - -7. Let l = 7 + r. What is the units digit of l?
4
Suppose 9*c + 3*c = 900. What is the units digit of c?
5
Let r(u) be the third derivative of 1/12*u**4 + 0*u + 0 - 1/6*u**3 - 3*u**2. What is the units digit of r(6)?
1
Suppose -4*a + 5*r = r - 120, -a - 3*r = -34. What is the tens digit of a?
3
Let j be 1/4 - 10/8. Let m = 16 - j. What is the units digit of m?
7
Let w = 254 - 84. Suppose 0 = 5*m + 30 - w. What is the units digit of m?
8
What is the tens digit of 1/(11/2) + (-8694)/(-99)?
8
Let t = -256 - -393. Suppose 9*r - 6*r - 4*c - t = 0, -2*r - 4*c + 78 = 0. What is the units digit of r?
3
Suppose -2*s + 5 = t, -3*t + 7*t = -4*s. Suppose s*y = 41 + 124. What is the tens digit of y?
3
Let s(k) = 2*k**2 + 7*k - 3. What is the units digit of s(-7)?
6
Let a be (2 - 4) + 3 - 1. Suppose 0 = -3*z - 2*l + 15, 3*l + 3 = -a*z + 4*z. What is the units digit of z?
3
Suppose -2*j = -6*j. Suppose j*q + 2*q - 11 = l, -l - 1 = 0. Suppose -14 = -q*h + 6. What is the units digit of h?
4
Suppose -